lculate the remainder when 69 is divided by 29.
11
Calculate the remainder when 1670 is divided by 209.
207
Calculate the remainder when 81 is divided by 8.
1
What is the remainder when 120 is divided by 34?
18
Calculate the remainder when 572 is divided by 144.
140
Calculate the remainder when 1075 is divided by 45.
40
What is the remainder when 99 is divided by 6?
3
Calculate the remainder when 58 is divided by 19.
1
Calculate the remainder when 13544 is divided by 13.
11
What is the remainder when 211 is divided by 5?
1
Calculate the remainder when 194 is divided by 40.
34
Calculate the remainder when 62 is divided by 2.
0
What is the remainder when 110 is divided by 57?
53
Calculate the remainder when 134 is divided by 2.
0
Calculate the remainder when 219 is divided by 154.
65
Calculate the remainder when 40223 is divided by 32.
31
Calculate the remainder when 339 is divided by 5.
4
Calculate the remainder when 626 is divided by 57.
56
Calculate the remainder when 154 is divided by 120.
34
What is the remainder when 13060 is divided by 13?
8
Calculate the remainder when 531 is divided by 16.
3
What is the remainder when 943 is divided by 136?
127
What is the remainder when 5393 is divided by 57?
35
Calculate the remainder when 786 is divided by 56.
2
Calculate the remainder when 1183 is divided by 32.
31
Calculate the remainder when 10388 is divided by 27.
20
Calculate the remainder when 1872 is divided by 78.
0
What is the remainder when 2613 is divided by 12?
9
Calculate the remainder when 516 is divided by 135.
111
Calculate the remainder when 2957 is divided by 15.
2
Calculate the remainder when 74 is divided by 15.
14
Calculate the remainder when 72 is divided by 25.
22
Calculate the remainder when 33 is divided by 17.
16
Calculate the remainder when 109 is divided by 22.
21
Calculate the remainder when 7389 is divided by 10.
9
Calculate the remainder when 722 is divided by 43.
34
Calculate the remainder when 144 is divided by 42.
18
Calculate the remainder when 306 is divided by 19.
2
Calculate the remainder when 34 is divided by 6.
4
Calculate the remainder when 724 is divided by 228.
40
Calculate the remainder when 1506 is divided by 58.
56
Calculate the remainder when 2489 is divided by 9.
5
What is the remainder when 1229 is divided by 249?
233
What is the remainder when 1073 is divided by 98?
93
Calculate the remainder when 2158 is divided by 90.
88
What is the remainder when 43 is divided by 39?
4
What is the remainder when 818 is divided by 272?
2
Calculate the remainder when 1818 is divided by 87.
78
What is the remainder when 3611 is divided by 86?
85
What is the remainder when 17 is divided by 2?
1
Calculate the remainder when 1889 is divided by 70.
69
Calculate the remainder when 3110 is divided by 775.
10
Calculate the remainder when 112 is divided by 56.
0
Calculate the remainder when 315 is divided by 46.
39
Calculate the remainder when 12987 is divided by 10.
7
Calculate the remainder when 1029 is divided by 148.
141
Calculate the remainder when 2645 is divided by 9.
8
Calculate the remainder when 177 is divided by 10.
7
Calculate the remainder when 237 is divided by 16.
13
What is the remainder when 93 is divided by 33?
27
What is the remainder when 3936 is divided by 136?
128
What is the remainder when 7694 is divided by 45?
44
What is the remainder when 374 is divided by 29?
26
What is the remainder when 342 is divided by 43?
41
What is the remainder when 803 is divided by 205?
188
Calculate the remainder when 113 is divided by 24.
17
Calculate the remainder when 624 is divided by 597.
27
Calculate the remainder when 3329 is divided by 10.
9
Calculate the remainder when 141 is divided by 39.
24
What is the remainder when 16345 is divided by 134?
131
What is the remainder when 1219 is divided by 11?
9
Calculate the remainder when 487 is divided by 49.
46
Calculate the remainder when 958 is divided by 939.
19
Calculate the remainder when 216 is divided by 199.
17
What is the remainder when 1589 is divided by 15?
14
Calculate the remainder when 1034 is divided by 221.
150
What is the remainder when 749 is divided by 85?
69
Calculate the remainder when 762 is divided by 153.
150
Calculate the remainder when 22 is divided by 7.
1
Calculate the remainder when 555 is divided by 55.
5
What is the remainder when 1998 is divided by 22?
18
Calculate the remainder when 142 is divided by 70.
2
Calculate the remainder when 208 is divided by 4.
0
What is the remainder when 545 is divided by 13?
12
What is the remainder when 975 is divided by 244?
243
What is the remainder when 353 is divided by 89?
86
Calculate the remainder when 268 is divided by 202.
66
Calculate the remainder when 203 is divided by 10.
3
What is the remainder when 122 is divided by 25?
22
What is the remainder when 560 is divided by 81?
74
Calculate the remainder when 231 is divided by 47.
43
What is the remainder when 127 is divided by 22?
17
What is the remainder when 111 is divided by 55?
1
Calculate the remainder when 5096 is divided by 12.
8
Calculate the remainder when 217 is divided by 188.
29
Calculate the remainder when 115 is divided by 15.
10
What is the remainder when 135 is divided by 56?
23
Calculate the remainder when 341 is divided by 95.
56
Calculate the remainder when 515 is divided by 93.
50
Calculate the remainder when 408 is divided by 18.
12
Calculate the remainder when 989 is divided by 175.
114
Calculate the remainder when 89 is divided by 30.
29
What is the remainder when 1086 is divided by 26?
20
What is the remainder when 138 is divided by 14?
12
What is the remainder when 383 is divided by 77?
75
What is the remainder when 8803 is divided by 62?
61
Calculate the remainder when 261 is divided by 22.
19
Calculate the remainder when 272 is divided by 24.
8
Calculate the remainder when 77 is divided by 36.
5
Calculate the remainder when 2505 is divided by 66.
63
Calculate the remainder when 552 is divided by 35.
27
What is the remainder when 9152 is divided by 199?
197
Calculate the remainder when 33 is divided by 1.
0
What is the remainder when 1121 is divided by 33?
32
What is the remainder when 44 is divided by 8?
4
Calculate the remainder when 1061 is divided by 59.
58
Calculate the remainder when 706 is divided by 232.
10
Calculate the remainder when 214 is divided by 24.
22
Calculate the remainder when 259 is divided by 26.
25
Calculate the remainder when 117 is divided by 30.
27
What is the remainder when 599 is divided by 60?
59
What is the remainder when 69 is divided by 10?
9
Calculate the remainder when 1069 is divided by 134.
131
Calculate the remainder when 2802 is divided by 85.
82
Calculate the remainder when 16797 is divided by 100.
97
What is the remainder when 506 is divided by 20?
6
Calculate the remainder when 1168 is divided by 39.
37
Calculate the remainder when 1167 is divided by 84.
75
Calculate the remainder when 23294 is divided by 112.
110
Calculate the remainder when 19 is divided by 12.
7
What is the remainder when 9611 is divided by 6?
5
Calculate the remainder when 16377 is divided by 38.
37
Calculate the remainder when 106 is divided by 24.
10
Calculate the remainder when 901 is divided by 876.
25
What is the remainder when 115 is divided by 108?
7
Calculate the remainder when 610 is divided by 41.
36
Calculate the remainder when 36 is divided by 12.
0
What is the remainder when 668 is divided by 17?
5
Calculate the remainder when 481 is divided by 61.
54
What is the remainder when 115 is divided by 9?
7
What is the remainder when 309 is divided by 26?
23
Calculate the remainder when 855 is divided by 11.
8
What is the remainder when 1176 is divided by 1162?
14
What is the remainder when 16096 is divided by 35?
31
Calculate the remainder when 136 is divided by 23.
21
Calculate the remainder when 133 is divided by 56.
21
What is the remainder when 681 is divided by 5?
1
Calculate the remainder when 7669 is divided by 14.
11
Calculate the remainder when 1364 is divided by 677.
10
Calculate the remainder when 140 is divided by 18.
14
What is the remainder when 473 is divided by 37?
29
What is the remainder when 5224 is divided by 209?
208
What is the remainder when 2571 is divided by 13?
10
What is the 